{"id":511,"date":"2023-12-20T19:31:02","date_gmt":"2023-12-20T19:31:02","guid":{"rendered":"https:\/\/moresupervision.mx\/?page_id=511"},"modified":"2023-12-20T19:37:24","modified_gmt":"2023-12-20T19:37:24","slug":"supervision","status":"publish","type":"page","link":"https:\/\/moresupervision.mx\/index.php\/supervision\/","title":{"rendered":"Supervisi\u00f3n"},"content":{"rendered":"\n<p>La supervisi\u00f3n de obra es un factor determinante\u00a0 para el \u00e9xito de un proyecto.\u200b <\/p>\n\n\n\n<p>La supervisi\u00f3n, con la oportuna informaci\u00f3n t\u00e9cnica obtenida en campo, con relaci\u00f3n a la\u00a0documentaci\u00f3n legal, el proyecto ejecutivo, especificaciones aplicadas, programa de obra y los\u00a0vol\u00famenes reales, permite que la administraci\u00f3n operativa, tome decisiones preventivas que\u00a0aseguren la calidad, tiempo y costo de la obra.\u200b<\/p>\n\n\n\n<p>La supervisi\u00f3n basa su comunicaci\u00f3n con la empresa mediante el uso de bit\u00e1cora de obra, ya\u00a0sea por libro tradicional o en su medio electr\u00f3nico.\u200b <\/p>\n\n\n\n<p>Adem\u00e1s, la supervisi\u00f3n en funci\u00f3n como representante de la direcci\u00f3n, tiene una\u00a0responsabilidad que se aplica a la normatividad vigente, en t\u00e9rminos de seguridad e higiene.\u200b<\/p>\n\n\n\n<p><strong>Esta operaci\u00f3n esta segmentada:<\/strong>\u200b<\/p>\n\n\n\n<ul class=\"wp-block-list\">\n<li><strong>Antes del inicio<\/strong>\u200b<\/li>\n\n\n\n<li><strong>Al inicio<\/strong>\u200b<\/li>\n\n\n\n<li><strong>Durante el proceso<\/strong>\u200b<\/li>\n\n\n\n<li><strong>Antes del t\u00e9rmino<\/strong>\u200b<\/li>\n\n\n\n<li><strong>Al t\u00e9rmino<\/strong><\/li>\n<\/ul>\n","protected":false},"excerpt":{"rendered":"<p>La supervisi\u00f3n de obra es un factor determinante\u00a0 para el \u00e9xito de un proyecto.\u200b La supervisi\u00f3n, con la oportuna informaci\u00f3n t\u00e9cnica obtenida en campo, con relaci\u00f3n a la\u00a0documentaci\u00f3n legal, el proyecto ejecutivo, especificaciones aplicadas, programa de obra y los\u00a0vol\u00famenes reales, permite que la administraci\u00f3n operativa, tome decisiones preventivas que\u00a0aseguren la calidad, tiempo y costo de &hellip; <\/p>\n<p class=\"link-more\"><a href=\"https:\/\/moresupervision.mx\/index.php\/supervision\/\" class=\"more-link\">Continuar leyendo<span class=\"screen-reader-text\"> \u00abSupervisi\u00f3n\u00bb<\/span><\/a><\/p>\n","protected":false},"author":1,"featured_media":0,"parent":0,"menu_order":0,"comment_status":"closed","ping_status":"closed","template":"","meta":{"footnotes":""},"class_list":["post-511","page","type-page","status-publish","hentry"],"_links":{"self":[{"href":"https:\/\/moresupervision.mx\/index.php\/wp-json\/wp\/v2\/pages\/511","targetHints":{"allow":["GET"]}}],"collection":[{"href":"https:\/\/moresupervision.mx\/index.php\/wp-json\/wp\/v2\/pages"}],"about":[{"href":"https:\/\/moresupervision.mx\/index.php\/wp-json\/wp\/v2\/types\/page"}],"author":[{"embeddable":true,"href":"https:\/\/moresupervision.mx\/index.php\/wp-json\/wp\/v2\/users\/1"}],"replies":[{"embeddable":true,"href":"https:\/\/moresupervision.mx\/index.php\/wp-json\/wp\/v2\/comments?post=511"}],"version-history":[{"count":4,"href":"https:\/\/moresupervision.mx\/index.php\/wp-json\/wp\/v2\/pages\/511\/revisions"}],"predecessor-version":[{"id":528,"href":"https:\/\/moresupervision.mx\/index.php\/wp-json\/wp\/v2\/pages\/511\/revisions\/528"}],"wp:attachment":[{"href":"https:\/\/moresupervision.mx\/index.php\/wp-json\/wp\/v2\/media?parent=511"}],"curies":[{"name":"wp","href":"https:\/\/api.w.org\/{rel}","templated":true}]}}